e 65 + (16 - 4 - (-17 + (-2 - 3 - -28))).
71
Evaluate 4 - (-8 - (-9 - (13 + -9))) - 85.
-86
(21 - 49) + (-11 - (10 - 8))
-41
(1 + 118 - 22) + (-4 - (-14 + 9))
98
Evaluate 5 - (-71 + -2 + -8 + -1) - (32 + -37).
92
What is 589 + -604 - (4 - 57)?
38
Calculate 64 + 2 + (-46 - -5).
25
Evaluate (1 - -17 - (382 + -369)) + (0 + -33 - 1).
-29
Calculate -5 + 2 + 15 + (129 + -65 - 84).
-8
(13 + -24 - -21) + -159 + 50
-99
What is the value of -43 + (-75 + 142 - -73)?
97
What is 177 - ((49 - 124) + 144)?
108
Evaluate 0 + 2 + -89 + -9 + (1457 - 1443).
-82
What is the value of 36 - ((34 - 41) + (5 - 4 - -17))?
25
Calculate (-2 - 5 - -3) + (-407 - -378).
-33
Evaluate 6 + -35 + (105 - (-3 - -79)).
0
What is the value of (-41 + 102 - 85) + -1 + -7?
-32
What is -40 - (2 + (17 - (15 + 10)))?
-34
Calculate 2 - -123 - (70 - (-15 - -71)).
111
Calculate (-10 - 0 - -5) + 14 + 13.
22
Calculate 16 + 0 + 16 + -29 - (2 + -99).
100
What is -457 + 419 - (-10 - (1 - 2))?
-29
Evaluate (2 - 10 - (0 + 5 + -8)) + (-471 - -405).
-71
What is the value of 2 + -4 - ((1 - -1 - -4) + -9 - -21)?
-20
16 + 0 + 221 + -242 - 8
-13
Evaluate -15 + (2 - -46) - 4 - 116.
-87
What is the value of 250 - 287 - (-38 - 19)?
20
What is -64 + (23 + (-46 - (4 - 18)) - (-10 + -2))?
-61
Evaluate -23 - (59 + (-15 - 76)).
9
What is the value of 12 + -19 + (-12 - -14) + 72 + 16?
83
What is the value of 17 + 48 + -17 + (-2 - -41)?
87
Calculate -53 + (271 - 299) - (1 + 26).
-108
What is the value of 44 + -15 + (-31 - -35) + -15?
18
(-36 - -5) + 248 + -244 + 15
-12
What is (-17 - -26 - (8 - 10)) + 7 - 66?
-48
Evaluate -8 + (2 + 111 + -1 - (-1004 + 1021)).
87
What is the value of 18 - (-35 - -11) - 20 - -16?
38
Calculate 39 + -103 + 78 + (2 - 16) + 1.
1
Evaluate -10 - (-15 + (36 - (-17 - -33))) - (9 - -1).
-25
What is 1 + -12 - (-78 + (-42 - -43 - (-1 + -20)))?
45
What is (147 - 138 - (-5 + 28)) + (22 - (-4 - -2))?
10
375 + -421 + 0 + -1 - -7
-40
What is 35 + -11 + -14 - 15?
-5
Calculate -29 + 12 - (-20 - -4) - 35.
-36
What is -40 - (-17 - (-16 - (-4 - -3))) - (3 + -9)?
-32
Calculate -235 - -237 - (1 - (-16 + 0 + 4)).
-11
What is the value of 7 + -19 - (29 + 12 - 48)?
-5
What is (-479 - -483) + (-1 + 2 - 17) - (-3 - -53)?
-62
Calculate (0 - -4) + (13 - (-50 - (-32 + 8))).
43
Calculate 50 + (12 - (10 - 7)) + 14 - (-3 + 0).
76
-9 + -12 - (18 - 21) - 14
-32
What is 23 - (11 + -13 + 0 + 1 + -10)?
34
Evaluate 6 + (-2 + -10 + 7 + 16 - 60).
-43
Calculate 2 - ((-7 - 2) + (-30 - (-18 + 14))) - 4.
33
What is (2 - 25 - (7 + -8)) + (-51 - (10 + -55))?
-28
Evaluate 28 + 8 + -15 + 1 - -1.
23
Evaluate 6 + -1 + -6 + 7 + 1 + 4.
11
Evaluate -47 + 116 - (-25 - -84).
10
What is the value of 14 + -9 + (0 - -1) + 64 + -146 + 70?
-6
-41 + 29 + -26 + 46
8
-21 + (-28 - -46) + (6 - -6 - 3) - 35
-29
Evaluate -37 - (-10 - (-10 + -18 + 15)).
-40
Evaluate 1 - 0 - ((-33 - -12) + 16 + 0).
6
What is -1 + 49 - (-1920 + 1923)?
45
Calculate (35 + -2 - (11 + 5)) + 20.
37
Evaluate 9 - (-11 + 16 - 96 - 17) - 18.
99
Calculate (9 - (-1 + -3 + 6)) + (-48 - -70 - 76).
-47
What is 94 - 11 - (109 + -19)?
-7
What is the value of -32 + -2 + 84 + -60 + 65?
55
-6 - (97 - (178 + 4))
79
What is ((8 - 1) + -12 + 19 - 8) + (1 - 5)?
2
What is -19 + (20 - -38 - 42)?
-3
-1 - (-7 - (19 + -31)) - (-1 - 18)
13
What is the value of -11 - (-3 + (1 - -1 - (149 - 151)))?
-12
What is the value of (21 - (8 - -1)) + -4 + 0 + 7 + -88?
-73
25 + 17 + -39 - -11
14
Evaluate (7962 - 7883) + (-93 - 0).
-14
What is 133 + (-142 - (38 + -97))?
50
What is 21 - (-41 - (37 + -119))?
-20
What is the value of 12 + (22 - 7 - 15) - (46 - 1)?
-33
What is the value of (38 - (52 + -55)) + -107?
-66
What is the value of -11 + -10 + 8 + -1 + 1 + -41?
-54
Calculate (-137 - (4 - 123)) + -10.
-28
What is the value of (-5 + -2 - (-6 - -5)) + (-59 - -17) + 26?
-22
-3 - (-18 + -6) - ((3 - 11) + -5 + 2)
32
What is -20 - (11 + 8 + -23 + 9 + -9 - -14)?
-30
(2 - (-32 - (-88 + 38))) + (2 - (-2 + -2))
-10
What is the value of (-25 - (-15 + -25 + -14)) + -28?
1
Evaluate -53 - (-57 + 20 + 11).
-27
Evaluate (31 - (-21 - -7)) + (-19 - 2).
24
14 + -54 + (-48 - -64) - 37
-61
What is 3 + (21 - (19 + -35 - 125)) + -14?
151
Calculate -35 + (-19 + 32 - -57).
35
What is the value of 38 - 3 - 70 - -5?
-30
Evaluate 50 + (-13 - -5 - -4 - -18 - (109 - 104)).
59
What is the value of -9 - (-1 + (8 - 7) - (6 - 11)) - -8?
-6
What is 50 - (50 - 14) - 33 - 21?
-40
What is -1859 + 1813 - (-34 - 1)?
-11
-769 - -767 - (-2 + (0 - -3) + 46)
-49
Calculate -72 + (122 - 70 - 22).
-42
What is 10 - (-9 - (2 + -23 + (16 - (30 - 21))))?
5
Evaluate -22 + 11 + -136 + 109 + (0 - -4).
-34
What is the value of -678 + 627 - (-3 - (-1 - (-6 - 1)))?
-42
Calculate -7 + 13 + 57 + -82 - -90.
71
What is the value of 810 + -812 + 24 + 1 + -37?
-14
What is -9 - 0 - (84 + -11 + -2 + 7)?
-87
Calculate 0 + -14 + (-23 - 4 - -50) + -53.
-44
Calculate -32 + -33 - 0 - -77.
12
Evaluate 6 + (90 - 49) + -102.
-55
Evaluate -1 + (49 - 3 - ((-3 + -6 - -3) + 9)).
42
What is the value of (-7 - (0 + 0)) + (7 - (37 + -1 + 10))?
-46
Evaluate -34 - -30 - 10 - (-15 + 43).
-42
8 - (-8 - (-9 + 1 - (-53 + 20 + 19)))
22
What is (-75 - -2) + (-13 - 39 - -45 - (-1 + -19))?
-60
What is the value of -26 + 1 + (-2 - 1) + (-89 - -102)?
-15
What is the value of 26 + 42 + -3 - -15?
80
Evaluate -56 - (33 + 54) - -89.
-54
Evaluate 146 - (280 - 202) - (-2 + -41).
111
What is (527 - 483) + (-4 - 19)?
21
97 + -74 + (25 - -25) + 15
88
Calculate (3 + -12 - 20) + 27 + -63.
-65
What is the value of 51 + -37 + (66 - (1 + (-14 - -3)))?
90
Evaluate (-160 + 334 - 237) + -3 + 3 + 1 + 0.
-62
What is 1 + -17 - (-10 - (-71 + 77)) - 2?
-2
25 + (-13 - (1 - 12)) - -14
37
What is 13 + 23 + (-9 - 29) + (-3 - -58)?
53
What is -2 + -20 + (-5 - (2 + -20)) + -29?
-38
What is 19 + 52 + -19 + -62 - 13?
-23
What is the value of 17 + -25 - (-94 + (-11 - -15)) - 12?
70
-5 + 5 + 21 + (-2 - (5 - 6))
20
24 + (47 - 103 - 46)
-78
Calculate 9 + (-28 - (-21 - -8 - 8)).
2
What is 1 + (-8 - -18) - 35 - 12?
-36
Calculate 65 - (46 - 63 - -55).
27
Calculate -4 - (-11 - (0 + -12) - (-2 + -4 - -1)).
-10
Calculate (5 - (-16 - -52)) + 22 - -1.
-8
-13 + 92 + -1 + -2 + -27 + 58 + -24
83
Calculate -86 - (-79 + -20 + 75).
-62
What is the value of (-2835 - -2863) + -25 + -4?
-1
Calculate -87 - -105 - (23 - 2) - 6.
-9
Evaluate 0 - 9 - (236 + -231).
-14
4848 + -4745 - (60 + -1)
44
Calculate -14 + -6 + -12 + (-11 - (-4 + -10)).
-29
11226 - 11257 - (-1 - -3 - (3 + 9 + 2))
-19
Evaluate (-10 + 23 - 3) + -1 + (-4 - -12).
17
(-4 - (0 + (7 - 8))) + (32 - 39)
-10
Calculate -59 + 51 + -125 + 89.
-44
What is 45 + 11 + -4 + -34 - (-72 - 0)?
90
What is 98 + (2 + -20 - (-95 + 90 + -2))?
87
Evaluate -11 - 2 - ((-1 - -80) + -24 + (53 - 28)).
-93
What is 22 - (8 + -8 + 9) - (-55 - (-3 + 8))?
73
Calculate 3 + -38 - (729 - 743).
-21
What is 2 + 17 - (-73 + 69)?
23
Evaluate (8 - 0) + (-27 - (3 + 4)) + (-32 - -44).
-14
59 + 49 + -61 + (-13 - -66)
100
64 + 5 + (311 - 349)
31
40 - (3 - (8 + -26 + 12 + 10))
41
What is (-3 + 12 + -13 + 4 - (26 - 2)) + 7?
-17
What is the value of -11 + (-45 + 41 - -35) - 11?
9
Evaluate (4 - 13) + 13 + -22 + 21 + -10.
-7
5 + -2 - 54 - ((7 - 16) + 10 + 7)
-59
Calculate -10 + 7 + -11 - (10 + 7 + -27).
-4
What is the value of (-6 + -1 - -14 - 2) + -34 - (-11 + 1)?
-19
What is 1 - (39 - (-2 + (6 + -7 - -8) + -11))?
-44
(-5 - ((-43 - -2) + -1)) + (-2 - 17) + 18
36
Calculate -1 + 1 - -11 - (67 + -86 + 113).
-83
Calculate 4 + (3 - ((-36 - -17) + 20)).
6
What is 69 + (6 + -101 - -57)?
31
Calculate -30 + (-59 - -18) - (-14 - -3).
-60
(29 - 50) + -17 - (37 - 22)
-53
Evaluate 629 - 497 - (2 - -2 - -4).
124
What is 95 - -1 - (-3 + (19 + -34 - -10) + 21)?
83
What is 27 + -37 - (12 + -7 - 104)?
89
(-14 - 6) + (72 - (36 - -67))
-51
Calculate -119 - -39 - -23 - (2 - (2 + 3) - 3).
-51
Evaluate -3 + 16 + 4 - ((81 - 77) + (-6 - 1)).
20
(316 + -316 - (3 + (-3 - 14))) + 1 + -70
-55
What is the value of 42 - (-82 + 53 + 28)?
43
Evaluate 9 + 0 - (132 - 110).
-13
0 + -4 + -88 + -21 + 160
47
Evaluate -106 - (-18 + (-217 - -117)).
12
Evaluate 11 + (12 - (3 + -13 + -8 + 1 - 4)).
44
What is 2 + 77 + -14 + -3 + 23 + -20?
65
(-614 - -674) + (-41 - 2)
17
What is 82 + -146 + (-20 - -33)?
-51
Evaluate 100 + (-3 - (-6 + (0 - 1)) - (-1516 + 1530)).
90
Evaluate 